l(a) = -7*a + 11. Let o(x) = x + 1. Let i(t) = l(t) + 3*o(t). Let j be i(2). Suppose 0 = -2*g - j, 21014 = 6*s - s - 3*g. Is s a composite number?
False
Let a be 3/1 + 9 + (7 - 2008). Let b = 3706 + a. Is b a prime number?
False
Suppose -3035028 - 3052353 = -129*u. Is u prime?
True
Is (220/12)/(-5) + (-26)/(-39) - -915686 a prime number?
True
Let q(b) = 745*b - 38. Let y(h) = -1118*h + 57. Let t(x) = -7*q(x) - 5*y(x). Is t(4) composite?
False
Let f = 31 - 39. Is 6*(-4)/(f/989) + -2 prime?
False
Let d(g) be the third derivative of 859*g**4/12 - g**3/6 - 78*g**2. Is d(1) prime?
False
Let i(r) = r**3 - 9*r**2 - 4*r + 1. Let o(a) = -a**3 + 6*a**2 + 11*a - 13. Let h be o(7). Let w be i(h). Let c = w + 1528. Is c a composite number?
False
Suppose 5*k = -2444 + 20474. Let s = k + -1419. Let y = s + -92. Is y a prime number?
False
Suppose 0 = -4*t, 2*k - 2*t + 10 = -3*k. Suppose 0 = a + 2*o - 6560, 0 = 5*a - 2*o - 32074 - 678. Is (-4)/k + a/8 - 0 composite?
False
Let u = -21 - -302. Let q = 378 + u. Is q composite?
False
Suppose 40 = -2*b + h, -41*h = 4*b - 39*h + 64. Is -1 - 5 - 165654/b a prime number?
False
Let y = -116729 + 176826. Is y composite?
True
Let i(s) = -19*s - 59. Let f be i(-5). Is (-2)/1*(-5274)/f a prime number?
True
Let k(l) = -32 + 35 - 34 - 831*l + 129*l. Is k(-4) a composite number?
False
Suppose -165*x - 120 = -153*x. Let v = 21 + -11. Is (4/x)/((-12)/v)*2211 a composite number?
True
Suppose -60*t + 59*t = -18. Is ((-120)/t - -3)*-381 a prime number?
False
Let r = 3 - -20. Let f = -12685 + 18379. Suppose r*m - 29*m = -f. Is m composite?
True
Let l(f) = 7*f**2 + 290*f + 29. Is l(-48) composite?
False
Is 3 + (4/(-6) - 12645680/(-12)) prime?
True
Let z = -90 - -94. Suppose 0 = 4*w + 5*c - 27411 + 2306, z*w = 3*c + 25129. Let l = w + -4109. Is l composite?
True
Let v(b) = -b**3 - 3*b**2 - 4*b - 7. Let k = -70 + 67. Let t be v(k). Is (-95004)/(-70) - 1/t a composite number?
True
Suppose 13*o + 72143 + 109636 = 0. Is ((-34)/(-8))/(o/(-2796) - 5) a composite number?
True
Suppose 5*b - 9 = 6. Suppose 1670 = b*u + 425. Suppose -125 + u = 5*q. Is q composite?
True
Suppose 12221 + 74163 = q + 5*d, d + 86402 = q. Is q a composite number?
False
Let y be (-1 - 2/1)*(2535 + 3). Is -2 + (3 - y)/1 a prime number?
False
Let u(a) = 115*a**2 + 11*a - 16. Let w be u(6). Let n = 9145 - w. Is n composite?
True
Let t(i) = 4*i + 29. Let a be t(-8). Let u be ((-5)/3)/(a*4/36). Suppose 0 = u*p + r - 5017, r - 3 = -1. Is p prime?
False
Is 110/(-495) + (-11453530)/(-18) a composite number?
True
Let s = -31 - -42. Suppose s*r = 8*r + 6. Suppose -282 = -r*k - 4*a, -363 = -4*k + 2*a + 221. Is k a prime number?
False
Suppose 11*n - 35 = -13. Suppose -2*v - 996 = -2*k, 5*v - n + 7 = 0. Is k a prime number?
False
Let w be (4 + 84604/(-8))/((-5)/10). Suppose u - 4*i = w, 4*u - 2*i - 3*i = 84561. Is u prime?
True
Let i(z) be the third derivative of -z**6/40 - 13*z**5/60 - 7*z**4/12 + 19*z**3/6 - 2*z**2 + 3*z. Is i(-13) a prime number?
False
Suppose 55444 = -10*o - 84746. Is (-6 + 7)/((-3)/o) a composite number?
False
Let p = 936 - -7229. Suppose -3*n = 4*d - 3918 - 1013, -p = -5*n + 4*d. Is n prime?
True
Suppose -81385 + 2734310 = 91*n - 924376. Is n composite?
True
Suppose 5*b - 23403 = -d, -47*d - 3*b - 70173 = -50*d. Is d a composite number?
True
Let g = -123 - -132. Suppose -5*p = -g*p - 2008. Let w = p - -929. Is w composite?
True
Let b be (-9)/(-12) + 1 + 3/12. Suppose -6779 = -b*w - 2*v + 5201, -2*v = 4*w - 23954. Is w a composite number?
False
Suppose 145*j - 10097740 = -45*j. Is j a prime number?
False
Let b be (-4)/(-1*(-1)/(-3)). Suppose -s = -b + 6. Suppose s*w - 2*w - 596 = 0. Is w composite?
False
Let k(p) = p**3 + 4*p**2 - 6*p + 3. Let l be k(-5). Is (-129099)/(-46)*l/6 a composite number?
True
Is 70/(-84) - 4133335/(-30) composite?
False
Suppose -3*a - 20633 = 12082. Is -2 + a/(-10)*2 a prime number?
True
Suppose 422*w + 373919 = 425*w - 49012. Is w a composite number?
False
Let v = 494 - -662. Let o = 2827 - v. Is o composite?
True
Suppose -30 - 20 = 5*o. Let x = o - 29. Is 2510/6 + (-26)/x a composite number?
False
Let y be 6/(-15) + 255/75. Suppose q + y*t = 1323, -4*t + 5*t = 3*q - 3989. Is q prime?
False
Suppose 4*q + 7*q = 1172423 + 515384. Is q prime?
True
Let g(l) = l**2 - 20*l - 35. Let d be g(21). Let r(a) = -494*a + 178. Is r(d) a prime number?
False
Suppose -5*j = 5*g, 5*j + 0 = -4*g + 1. Let r be 2075 - g*(5 - 3). Let o = r - 926. Is o composite?
False
Suppose 6*a + 0*a + 61392 = 0. Let j = -6783 - a. Is j prime?
True
Suppose 3*y - 33592 = -n, 17*n = 7*y + 15*n - 78377. Is y prime?
True
Let r = -108761 + 656290. Is r composite?
False
Suppose u + 0*u = -d + 1, 5*u = 3*d - 27. Suppose d*p - 6 = p. Suppose -6*w + 7780 = -p*w. Is w a composite number?
True
Let k be -6919*4*(-3)/(-12). Let m = -4056 - k. Suppose -3*n + 2*d = n - 2294, 0 = 5*n + 2*d - m. Is n prime?
False
Let y = 30 - 27. Suppose -3*w - d = -y*d - 27775, 2*d - 18510 = -2*w. Is w prime?
True
Let d = 39 - 15. Suppose -3*o + d = 5*i, 2*i - o = 3 - 0. Suppose i*r - 1618 = r. Is r a prime number?
True
Let h = -2 + 6. Suppose h*c - 11 = 9. Suppose -c*f = -5*i - 4480, -5*f + 3*i = 4*i - 4498. Is f a prime number?
False
Let z(m) be the first derivative of -m**4/4 + 3*m**3 + 4*m**2 + 23*m - 19. Let v be z(10). Suppose 5*y = v*y + 886. Is y composite?
False
Suppose -a + 532452 = 3*d + 144824, -d = 2*a - 129211. Is d a prime number?
True
Let q be (5/10)/(5/50). Suppose -5*n = -3*t + q, -t + 7 = 5*n - 8. Suppose n*v - 133 = -5*i, -3*i = 2*v + 2*v - 245. Is v a prime number?
True
Suppose 0 = 3*f - 2*c + 1908, 3*c - 144 - 485 = f. Let p = f + 1897. Is p composite?
False
Let n = -37196 - -72453. Suppose -7*l - 7488 = -n. Is l composite?
False
Is 14/(-42) - 2960/12*-3503 a composite number?
True
Let z = 722 + -592. Suppose -126*n = -z*n + 253196. Is n prime?
True
Let g(l) = 187*l**2 + 7*l + 6. Let b be g(-1). Let s = 1981 + b. Is s prime?
False
Suppose -6021*w - 581161 = -6028*w. Is w a prime number?
True
Is -14369*((-77)/7 - (7 + -11)) a composite number?
True
Let h = 979026 + -586705. Is h a composite number?
False
Suppose -21*h + 35327 = -4*h - 1051364. Is h a prime number?
False
Suppose -3*l = 5*q + 12171 - 71184, 0 = 4*l + 5*q - 78694. Is l a prime number?
True
Suppose 13*f + 72258 = -f + 1001480. Is f a composite number?
False
Let b = 44321 + -1758. Is b composite?
True
Let j(o) = -402*o**3 - 8*o**2 + 11*o + 73. Is j(-8) a prime number?
True
Suppose -13*z + 53958 = -1396. Is z a prime number?
False
Suppose 2*s + 28*d - 125113 = 31*d, 3*d + 62564 = s. Is s prime?
True
Let u be (11916/(-8))/((-2)/(-4)). Let h = 329 - u. Let r = h - 2341. Is r a prime number?
True
Suppose -2674 = -5*a - 2*y + 1247, -5*y = a - 775. Is a a prime number?
False
Let u(m) = 192*m**2 - 44*m + 177. Is u(10) composite?
True
Suppose 0 = -x + i + 366578, 4*x - 580*i = -579*i + 1466327. Is x composite?
True
Suppose 0 = -4*u + 4*f + 4, -4*u + f + 8 = -f. Suppose -2*x + 854 = -5*p + 10*p, u*x - 5*p - 1281 = 0. Is 0 - (-2)/7 - (-107909)/x a prime number?
False
Let i(f) = 2*f**3 - 5 + 34*f**2 + 20*f**2 - 107*f**2 + 39*f. Is i(27) a composite number?
False
Let q(f) = 11*f**3 + 7*f**2 - 9*f + 11. Let l be q(5). Let d = -508 - l. Let b = d + 3091. Is b a composite number?
True
Let v(r) = 348*r**3 - 3*r**2 + 9*r - 30. Let j be v(4). Let t = j - 13064. Is t a composite number?
True
Let h(q) = -4*q**2 - 1. Let j be h(1). Let f(s) = 23*s**2 - 18*s**2 + 7 - 11 + 13. Is f(j) prime?
False
Suppose -58958 = -9*a + 47458. Suppose -8484 = -4*k + a. Is k composite?
False
Let d(f) = f - 12. Let o be d(12). Suppose 4*m - 5*h - 595 - 721 = o, 0 = m + h - 338. Let l = 681 - m. Is l prime?
True
Let q(t) = 161870*t**2 + 109*t + 211. Is q(-2) a composite number?
True
Suppose 4*w - 403 = -m, w - 109 = -3*m - 0*m. Let v = w + -97. Suppose v*b + f = 2708, -926 = 3*b - 4*b - 5*f. Is b composite?
True
Suppose 69*m - 72*m = -3564. Let i = 3481 - m. Is i composite?
False
Suppose -2*o = -2 - 80. Let t(a) = 46*a**3 - o*a**3 + 2 - 7*a**2 - 3 - 16*a. Is t(7) a composite number?
False
Suppose 44 - 92 = -16*b. Suppose -4*w = -2*q + 3290, 8*w = b*q + 5*w - 4932. Is q a composite number?
True
Suppose 20175 + 20044 = 37*z. Is z a prime number?
True
Let 